 (base 8) to base 6
-50
What is -213 (base 8) in base 2?
-10001011
-55 (base 10) to base 12
-47
415 (base 6) to base 15
a5
Convert f7 (base 16) to base 14.
139
What is 11 (base 2) in base 10?
3
Convert -25 (base 10) to base 4.
-121
77 (base 12) to base 6
231
What is -22 (base 4) in base 14?
-a
2 (base 15) to base 12
2
Convert a (base 12) to base 15.
a
326 (base 7) to base 11
142
Convert -17 (base 16) to base 4.
-113
What is -61 (base 8) in base 10?
-49
-182 (base 13) to base 5
-2100
-2 (base 15) to base 3
-2
18 (base 15) to base 16
17
What is -1 (base 8) in base 10?
-1
Convert -112 (base 5) to base 3.
-1012
-424 (base 5) to base 3
-11020
Convert -b (base 16) to base 2.
-1011
-24 (base 10) to base 8
-30
What is -2 (base 9) in base 11?
-2
Convert 4 (base 12) to base 16.
4
Convert 404 (base 8) to base 4.
10010
-6 (base 10) to base 15
-6
Convert 1 (base 12) to base 9.
1
101001 (base 2) to base 14
2d
-354 (base 6) to base 5
-1032
Convert 19 (base 13) to base 9.
24
-b (base 15) to base 13
-b
What is -1 (base 9) in base 15?
-1
What is -46 (base 15) in base 6?
-150
8 (base 14) to base 16
8
-7 (base 11) to base 5
-12
What is -100 (base 4) in base 11?
-15
-89 (base 15) to base 16
-81
-86 (base 12) to base 16
-66
-b7 (base 16) to base 8
-267
What is -20 (base 4) in base 3?
-22
Convert 52 (base 8) to base 3.
1120
Convert 23 (base 4) to base 11.
10
12 (base 6) to base 3
22
Convert 614 (base 7) to base 10.
305
Convert -4 (base 6) to base 8.
-4
What is -3 (base 4) in base 13?
-3
-101 (base 2) to base 12
-5
What is 28 (base 12) in base 9?
35
What is 3 (base 5) in base 10?
3
What is -8 (base 15) in base 14?
-8
24 (base 11) to base 12
22
-2 (base 12) to base 11
-2
What is 300 (base 9) in base 10?
243
22 (base 6) to base 9
15
0 (base 14) to base 11
0
-1111011 (base 2) to base 14
-8b
Convert -3 (base 8) to base 7.
-3
Convert 1001 (base 2) to base 15.
9
What is b2 (base 16) in base 3?
20121
-3 (base 9) to base 6
-3
Convert 15 (base 13) to base 2.
10010
What is 414 (base 6) in base 2?
10011010
1040 (base 6) to base 14
132
What is 100 (base 3) in base 16?
9
-1 (base 10) to base 7
-1
Convert -3 (base 6) to base 9.
-3
What is -6 (base 11) in base 7?
-6
-1a (base 16) to base 15
-1b
Convert -22 (base 3) to base 4.
-20
19 (base 10) to base 5
34
Convert -23 (base 7) to base 6.
-25
122 (base 8) to base 13
64
Convert 3 (base 7) to base 10.
3
21 (base 5) to base 4
23
10 (base 3) to base 9
3
321 (base 6) to base 12
a1
Convert -9b (base 14) to base 9.
-162
-53 (base 7) to base 15
-28
11202 (base 3) to base 10
128
What is -27 (base 10) in base 9?
-30
3a (base 15) to base 11
50
Convert -67 (base 12) to base 11.
-72
0 (base 9) to base 12
0
What is -111 (base 2) in base 12?
-7
What is 131 (base 4) in base 15?
1e
What is 6 (base 8) in base 12?
6
What is -f (base 16) in base 11?
-14
1 (base 8) to base 2
1
Convert -176 (base 9) to base 4.
-2112
What is -5 (base 12) in base 3?
-12
-11010 (base 2) to base 10
-26
Convert -140 (base 7) to base 8.
-115
Convert 34 (base 8) to base 5.
103
Convert 36 (base 11) to base 2.
100111
Convert 1021 (base 3) to base 5.
114
What is -26 (base 10) in base 13?
-20
Convert -12 (base 6) to base 14.
-8
What is -2 (base 4) in base 9?
-2
Convert -33 (base 11) to base 9.
-40
-1010 (base 2) to base 6
-14
What is -c6 (base 13) in base 9?
-200
10111 (base 2) to base 10
23
What is -13 (base 4) in base 15?
-7
Convert 46 (base 8) to base 13.
2c
What is 19 (base 12) in base 4?
111
What is -1 (base 9) in base 6?
-1
What is -100110 (base 3) in base 2?
-11111111
Convert -4 (base 5) to base 2.
-100
What is 11 (base 8) in base 12?
9
Convert -23 (base 4) to base 13.
-b
Convert 20 (base 6) to base 9.
13
-4 (base 6) to base 3
-11
What is 101 (base 2) in base 10?
5
-47 (base 11) to base 12
-43
0 (base 10) to base 5
0
-25 (base 7) to base 10
-19
3 (base 9) to base 3
10
What is -7 (base 13) in base 3?
-21
Convert -3 (base 11) to base 15.
-3
What is 2 (base 12) in base 4?
2
What is -10333 (base 4) in base 8?
-477
What is -10 (base 4) in base 12?
-4
What is 412 (base 8) in base 5?
2031
Convert 212 (base 5) to base 16.
39
2121 (base 3) to base 7
130
What is -2 (base 9) in base 7?
-2
Convert 410 (base 5) to base 8.
151
-8 (base 9) to base 10
-8
What is 6 (base 8) in base 14?
6
Convert c0 (base 15) to base 5.
1210
Convert fa (base 16) to base 7.
505
-25 (base 10) to base 4
-121
-21 (base 3) to base 6
-11
Convert 1220 (base 3) to base 14.
39
Convert -28 (base 12) to base 16.
-20
What is -7a (base 16) in base 15?
-82
Convert ad (base 14) to base 15.
a3
What is 30 (base 12) in base 10?
36
What is -2 (base 15) in base 4?
-2
-315 (base 8) to base 14
-109
Convert -18 (base 13) to base 5.
-41
Convert -51 (base 6) to base 13.
-25
Convert -9 (base 16) to base 13.
-9
Convert -5a (base 15) to base 7.
-151
What is 10110 (base 3) in base 6?
233
What is 0 (base 14) in base 12?
0
Convert 1 (base 12) to base 5.
1
What is -4 (base 5) in base 13?
-4
What is 1 (base 9) in base 8?
1
Convert -111 (base 5) to base 12.
-27
What is -114 (base 6) in base 9?
-51
-14 (base 7) to base 11
-10
What is 4 (base 6) in base 13?
4
234 (base 8) to base 3
12210
What is 2 (base 10) in base 8?
2
What is 6 (base 7) in base 13?
6
Convert -123 (base 4) to base 3.
-1000
Convert -54 (base 10) to base 8.
-66
Convert 194 (base 14) to base 9.
402
What is 0 (base 5) in base 8?
0
20 (base 4) to base 11
8
-10100 (base 2) to base 12
-18
What is 10 (base 10) in base 2?
1010
Convert 4 (base 5) to base 8.
4
Convert 2 (base 7) to base 4.
2
What is 48 (base 16) in base 8?
110
What is -1 (base 11) in base 9?
-1
What is 33 (base 9) in base 8?
36
Convert 3 (base 13) to base 10.
3
Convert 310 (base 5) to base 4.
1100
-85 (base 10) to base 8
-125
What is -8 (base 14) in base 7?
-11
Convert a9 (base 14) to base 3.
12112
Convert 22 (base 5) to base 4.
30
What is -215 (base 6) in base 16?
-53
Convert -7 (base 16) to base 7.
-10
Convert -110 (base 4) to base 2.
-10100
4 (base 8) to base 13
4
Convert -2 (base 3) to base 8.
-2
What is -1 (base 2) in base 12?
-1
What is 9 (base 12) in base 15?
9
Convert 3 (base 4) to base 12.
3
What is -23 (base 15) in base 14?
-25
Convert -4 (base 13) to base 15.
-4
Convert 2 (base 6) to base 2.
10
-134 (base 6) to base 12
-4a
-14 (base 6) to base 10
-10
-2d (base 16) to base 6
-113
Convert -54 (base 7) to base 14.
-2b
-11 (base 6) to base 16
-7
1 (base 5) to base 7
1
What is 77 (base 8) in base 2?
111111
What is -16 (base 8) in base 6?
-22
Convert -143 (base 9) to base 16.
-78
What is -96 (base 14) in base 11?
-110
Convert -110 (base 7) to base 15.
-3b
Convert 138 (base 15) to base 2.
100010110
What is -4 (base 12) in base 8?
-4
What is -113 (base 5) in base 7?
-45
11 (base 5) to base 4
12
Convert 214 (base 6) to base 16.
52
What is -3 (base 4) in base 6?
-3
What is 10 (base 8) in base 15?
8
What is -10000 (base 2) in base 11?
-15
What is -b5 (base 12) in base 9?
-162
Convert 130 (base 5) to base 14.
2c
-10 (base 16) to base 7
-22
-2113 (base 4) to base 6
-411
Convert 66 (base 10) to base 14.
4a
What is -3 (base 8) in base 6?
-3
What is 4 (base 11) in base 14?
4
Convert -232 (base 7) to base 8.
-171
-43 (base 7) to base 4
-133
Convert -5 (base 9) to base 2.
-101
Convert 20 (base 7) to base 2.
1110
11 (base 13) to base 5
24
Convert 10 (base 8) to base 2.
1000
Convert 102 (base 13) to base 15.
b6
What is 0 (base 10) in base 6?
0
30 (base 4) to base 5
22
Convert -3 (base 13) to base 2.
-11
-107 (base 8) to base 12
-5b
What is -10000 (base 2) in base 14?
-12
What is -9 (base 12) in base 10?
-9
What is 12 (base 7) in base 10?
9
What is -37 (base 15) in base 12?
-44
Convert 78 (base 16) to base 8.
170
Convert -a (base 12) to base 13.
-a
What is 110 (base 2) in base 14?
6
Convert -3 (base 16) to base 11.
-3
-18 (base 16) to base 13
-1b
What is -51 (base 15) in base 6?
-204
8 (base 9) to base 6
12
What is 4 (base 16) in base 14?
4
Convert -6 (base 14) to base 9.
-6
What is 71 (base 10) in base 7?
131
What is -152 (base 9) in base 16?
-80
Convert -2 (base 9) to base 13.
-2
-7 (base 12) to base 3
-21
What is -3 (base 13) in base 11?
-3
Convert -121 (base 3) to base 16.
-10
Convert -1 (base 16) to base 12.
-1
Convert -23 (base 16) to base 5.
-120
What is -210 (base 5) in base 4?
-313
c (base 14) to base 9
13
What is 6 (